of 15585?
False
Is 30100 a multiple of 86?
True
Does 65 divide 1484?
False
Does 85 divide 24990?
True
Is 624 a multiple of 13?
True
Is 109798 a multiple of 41?
True
Is 9180 a multiple of 54?
True
Is 7 a factor of 32424?
True
Is 2517 a multiple of 13?
False
Does 11 divide 440?
True
Does 321 divide 83428?
False
Is 22238 a multiple of 7?
False
Is 86 a factor of 9804?
True
Is 110 a factor of 49161?
False
Is 174 a multiple of 10?
False
Is 735 a multiple of 97?
False
Is 15 a factor of 59420?
False
Is 80887 a multiple of 18?
False
Is 121 a factor of 1524?
False
Is 2550 a multiple of 31?
False
Does 20 divide 780?
True
Does 37 divide 851?
True
Is 121 a factor of 15644?
False
Is 30250 a multiple of 22?
True
Does 3 divide 12?
True
Is 195 a multiple of 5?
True
Is 7 a factor of 5981?
False
Does 22 divide 3267?
False
Does 39 divide 5265?
True
Is 30 a factor of 928?
False
Is 92564 a multiple of 73?
True
Is 244 a multiple of 57?
False
Does 24 divide 2827?
False
Is 28 a factor of 13580?
True
Does 152 divide 11856?
True
Does 10 divide 19945?
False
Does 6 divide 540?
True
Is 39 a factor of 10998?
True
Does 11 divide 2634?
False
Does 17 divide 1871?
False
Is 1858 a multiple of 54?
False
Is 50 a factor of 75250?
True
Is 31 a factor of 12299?
False
Does 75 divide 4742?
False
Is 60517 a multiple of 85?
False
Does 52 divide 26327?
False
Is 4018 a multiple of 119?
False
Does 45 divide 127305?
True
Is 96 a factor of 35834?
False
Is 37 a factor of 5994?
True
Does 31 divide 37107?
True
Does 87 divide 98789?
False
Does 18 divide 288?
True
Does 14 divide 1748?
False
Is 918 a multiple of 18?
True
Is 103 a multiple of 4?
False
Is 29 a factor of 35982?
False
Is 13 a factor of 351?
True
Does 7 divide 1134?
True
Is 9 a factor of 1020?
False
Is 4806 a multiple of 7?
False
Does 37 divide 5971?
False
Does 8 divide 3736?
True
Is 71 a factor of 8520?
True
Does 11 divide 795?
False
Is 21 a factor of 1197?
True
Does 118 divide 26550?
True
Does 65 divide 1560?
True
Is 8073 a multiple of 18?
False
Is 6 a factor of 29448?
True
Is 25 a multiple of 4?
False
Is 125 a multiple of 2?
False
Is 16 a factor of 4320?
True
Is 144 a factor of 17482?
False
Does 318 divide 65508?
True
Is 150 a multiple of 3?
True
Is 2209 a multiple of 29?
False
Is 67108 a multiple of 17?
False
Does 123 divide 1603?
False
Does 26 divide 5956?
False
Is 311 a multiple of 11?
False
Is 22 a factor of 787?
False
Is 1188 a multiple of 27?
True
Does 67 divide 9792?
False
Is 90 a factor of 450?
True
Is 80 a factor of 21309?
False
Is 15 a factor of 2991?
False
Is 19062 a multiple of 27?
True
Is 26 a factor of 3276?
True
Is 26 a factor of 131335?
False
Does 2 divide 1621?
False
Is 720 a multiple of 45?
True
Does 93 divide 719?
False
Is 1015 a multiple of 24?
False
Is 3 a factor of 9234?
True
Is 13860 a multiple of 42?
True
Does 18 divide 4806?
True
Is 75 a factor of 396?
False
Is 20 a factor of 21460?
True
Is 4932 a multiple of 137?
True
Is 3 a factor of 883?
False
Does 9 divide 935?
False
Does 40 divide 719?
False
Does 26 divide 23998?
True
Is 6 a factor of 17968?
False
Is 6346 a multiple of 167?
True
Is 185 a multiple of 23?
False
Is 8 a factor of 357?
False
Is 189 a multiple of 3?
True
Does 91 divide 70265?
False
Is 27 a factor of 683?
False
Does 78 divide 7139?
False
Is 15 a factor of 301?
False
Is 6018 a multiple of 59?
True
Is 1299 a multiple of 6?
False
Does 63 divide 23751?
True
Does 76 divide 532?
True
Is 18 a factor of 519?
False
Is 12046 a multiple of 51?
False
Is 93455 a multiple of 22?
False
Is 2 a factor of 1038?
True
Is 19 a factor of 684?
True
Does 38 divide 629?
False
Does 3 divide 24?
True
Is 2940 a multiple of 28?
True
Is 974 a multiple of 72?
False
Is 631 a multiple of 51?
False
Does 7 divide 7553?
True
Is 24 a factor of 2112?
True
Is 12898 a multiple of 22?
False
Does 30 divide 555?
False
Does 26 divide 494?
True
Is 283 a factor of 7332?
False
Is 15022 a multiple of 22?
False
Does 156 divide 53664?
True
Is 19 a factor of 330?
False
Is 173 a factor of 56052?
True
Is 1136 a multiple of 45?
False
Is 10 a factor of 4757?
False
Is 3 a factor of 748?
False
Is 3 a factor of 9760?
False
Is 37 a factor of 1418?
False
Is 26 a factor of 24302?
False
Does 17 divide 148487?
False
Does 55 divide 53041?
False
Is 120085 a multiple of 30?
False
Is 19 a factor of 484?
False
Is 1835 a multiple of 24?
False
Is 85 a factor of 12410?
True
Is 2790 a multiple of 10?
True
Is 36 a factor of 1985?
False
Is 67 a factor of 3752?
True
Does 34 divide 406?
False
Does 19 divide 2609?
False
Is 108 a factor of 22304?
False
Does 28 divide 18593?
False
Is 402 a multiple of 67?
True
Does 81 divide 3780?
False
Does 113 divide 2034?
True
Is 1677 a multiple of 2?
False
Is 183 a multiple of 3?
True
Is 24 a factor of 120?
True
Is 7581 a multiple of 7?
True
Does 25 divide 18225?
True
Is 85050 a multiple of 11?
False
Is 1486 a multiple of 20?
False
Is 9 a factor of 6228?
True
Is 2472 a multiple of 12?
True
Is 4465 a multiple of 19?
True
Is 14 a factor of 546?
True
Does 7 divide 366?
False
Is 7 a factor of 3372?
False
Is 14 a factor of 42?
True
Is 6 a factor of 536?
False
Is 540 a multiple of 4?
True
Does 184 divide 33251?
False
Is 37181 a multiple of 3?
False
Is 110 a factor of 33662?
False
Does 14 divide 68143?
False
Does 2 divide 1178?
True
Does 19 divide 361?
True
Does 19 divide 1952?
False
Is 6 a factor of 498?
True
Is 66 a factor of 24292?
False
Does 91 divide 12872?
False
Does 14 divide 6906?
False
Is 25 a factor of 107?
False
Is 33 a factor of 528?
True
Does 7 divide 700?
True
Does 30 divide 390?
True
Is 22 a factor of 1374?
False
Is 4684 a multiple of 13?
False
Is 6179 a multiple of 4?
False
Does 21 divide 3002?
False
Is 23 a factor of 1866?
False
Is 3145 a multiple of 11?
False
Is 118003 a multiple of 21?
False
Is 7877 a multiple of 64?
False
Is 199 a factor of 55333?
False
Is 6 a factor of 8706?
True
Does 19 divide 19?
True
Does 41 divide 161407?
False
Does 22 divide 3102?
True
Is 3405 a multiple of 26?
False
Is 17266 a multiple of 7?
False
Does 27 divide 515?
False
Is 403 a multiple of 13?
True
Is 22 a factor of 319?
False
Is 1386 a multiple of 21?
True
Does 6 divide 4462?
False
Is 164 a factor of 49721?
False
Is 4368 a multiple of 48?
True
Does 43 divide 989?
True
Is 1854 a multiple of 3?
True
Is 58 a factor of 522?
True
Does 37 divide 30044?
True
Is 507 a multiple of 33?
False
Does 42 divide 950?
False
Does 12 divide 620?
False
Is 1334 a multiple of 46?
True
Is 58 a factor of 2204?
True
Does 4 divide 508?
True
Is 340 a multiple of 20?
True
Is 7 a factor of 3920?
True
Is 5 a factor of 1380?
True
Is 12 a factor of 26700?
True
Does 77 divide 318?
False
Is 822 a multiple of 6?
True
Is 93220 a multiple of 236?
True
Is 19473 a multiple of 3?
True
Does 10 divide 66870?
True
Is 102633 a multiple of 153?
False
Is 4896 a multiple of 102?
True
Is 5 a factor of 7645?
True
Is 2 a factor of 350?
True
Does 2 divide 9754?
True
Is 11306 a multiple of 21?
False
Does 51 divide 18375?
False
Is 3 a factor of 21639?
True
Is 22626 a multiple of 18?
True
Is 12 a factor of 66?
False
Is 9923 a multiple of 23?
False
Does 5 divide 323?
False
Does 7 divide 3472?
True
Is 8280 a multiple of 6?
True
Does 28 divide 3959?
False
Does 137 divide 9724?
False
Does 18 divide 1921?
False
Is 7457 a multiple of 7?
False
Is 35 a factor of 5285?
True
Is 63732 a multiple of 227?
False
Is 225 a multiple of 5?
True
Is 2610 a multiple of 10?
True
Is 326 a multiple of 3?
False
Is 16999 a multiple of 21?
False
Is 975 a multiple of 27?
False
Does 20 divide 12900?
True
Is 7 a factor of 200?
False
Is 44 a factor of 2464?
True
Is 1840 a multiple of 23?
True
Is 21441 a multiple of 21?
True
Does 93 divide 31362?
False
Does 38 divide 1718?
False
Does 9 divide 941?
False
Is 85 a factor of 4080?
True
Does 22 divide 1166?
True
Is 975 a multiple of 15?
True
Is 36 a factor of 31320?
True
Is 924 a multiple of 79?
False
Is 79 a factor of 36507?
False
Is 156 a factor of 18252?
True
Does 5 divide 1100?
True
Is 441 a multiple of 34?
False
Is 169 a factor of 7098?
True
Is 7 a factor of 672?
True
Is 109 a factor of 107408?
False
Is 10 a factor of 1490?
True
Does 16 divide 656?
True
Is 14 a factor of 1834?
True
Is 1506 a multiple of 282?
False
Does 2 divide 329?
False
Is 4302 a multiple of 6?
True
Is 1